late c(-1).
-7
Let o(m) = 5*m - 12. Calculate o(3).
3
Let r(l) = -4*l**3 + l**2 - l. Determine r(2).
-30
Let v(j) = j**3 + 4*j**2 - 5*j - 4. Calculate v(-4).
16
Let s(v) = -10*v + 31. What is s(4)?
-9
Let i(w) = -w**3 - 7*w**2 + 9*w + 9. What is i(-7)?
-54
Let n(d) = d**2 + 11*d + 14. Calculate n(-9).
-4
Let w(q) = q**3 + 12*q**2 + 10*q - 9. What is w(-11)?
2
Let c(w) = w**3 + 12*w**2 + 22*w + 26. Calculate c(-9).
71
Let c(y) = -y**2 - 17*y + 39. Calculate c(-19).
1
Let z(k) = 3*k + 10. Calculate z(10).
40
Let b(c) = -30*c + 692. Calculate b(23).
2
Let l(u) = 6*u**2 - 155*u + 122. Give l(25).
-3
Let o(y) = 6*y + 9. What is o(5)?
39
Let i(x) = 7*x. Determine i(2).
14
Let h(a) = -a**3 - 13*a**2 - 12*a - 8. Calculate h(-12).
-8
Let d(j) = -j**3 - 4*j**2 - 6*j - 4. Determine d(-2).
0
Let n(l) = 55*l - 115. Determine n(2).
-5
Let u(y) = -6*y**3 + 7*y**2 - 8*y + 5. What is u(2)?
-31
Let h(m) = -m**3 + 4*m**2 + 17*m - 2. Give h(7).
-30
Let c(v) = -2*v**3 - 2*v**2 + 2*v - 3. Determine c(2).
-23
Let x(u) = u**2 - 9*u + 7. What is x(0)?
7
Let k(t) = -t**2 - t + 23. Calculate k(0).
23
Let u(f) = -3*f**2 + 34*f. Determine u(11).
11
Let s(d) = -56*d + 284. Determine s(5).
4
Let u(t) = -13*t - 4. Calculate u(-2).
22
Let i(n) = 13*n**3 - 2*n + 1. What is i(1)?
12
Let x(h) = h**3 - 6*h**2 - 7*h - 8. Determine x(7).
-8
Let c(d) = d**2 + 8*d - 15. Calculate c(-11).
18
Let b(c) = -c**3 - 3*c**2 + 5*c + 3. Determine b(-3).
-12
Let h(z) = z**3 + 11*z**2 + 15*z - 25. What is h(-9)?
2
Let r(j) = j**3 + 7*j**2 - 7*j + 2. Determine r(-8).
-6
Let x(f) = f**3 - 10*f**2 - 28*f - 10. What is x(12)?
-58
Let q(l) = -5*l - 77. Calculate q(-16).
3
Let v(i) = i**3 + 6*i**2 + 7*i + 46. Calculate v(-5).
36
Let x(i) = -4*i**3 + 6*i**2 - 10*i + 2. What is x(3)?
-82
Let n(g) = g**3 + 5*g**2 + 10*g + 5. Determine n(-3).
-7
Let h(s) = s**3 + 9*s**2 + 2*s + 7. What is h(-9)?
-11
Let c(d) = -4*d + 1. Calculate c(-4).
17
Let p(r) = 7*r**2 - 1. What is p(1)?
6
Let l(y) = y**3 + 7*y**2 - 11*y - 10. Give l(-8).
14
Let q(d) = d + 8. Calculate q(-5).
3
Let t(w) = w**2 + 16*w - 69. Give t(-20).
11
Let y(m) = m**3 + 11*m**2 + 10*m - 1. Calculate y(-10).
-1
Let b(q) = q**2 + 4*q - 56. Determine b(5).
-11
Let z(i) = -2*i**2 - 2*i + 9. What is z(-4)?
-15
Let k(n) = -35*n + 29. Determine k(1).
-6
Let a(j) = -j**3 - 6*j**2 - 8*j - 21. Calculate a(-6).
27
Let y(a) = -a**2 - 4*a - 7. Calculate y(-4).
-7
Let w(o) = 11*o**3 + o**2 - 1. Calculate w(1).
11
Let q(d) = 23*d**2 + d - 2. Give q(-2).
88
Let w(a) = 30*a - 215. Calculate w(7).
-5
Let f(y) = -y**3 + y**2 + 2*y - 1. Determine f(3).
-13
Let o(d) = 2*d**2 + 51*d + 135. What is o(-3)?
0
Let j(p) = 3*p + 12. What is j(-9)?
-15
Let o(w) = -6*w**3 + 3*w**2 - 3*w + 5. Calculate o(2).
-37
Let o(u) = 4*u + 8. Determine o(-12).
-40
Let o(g) = g**2 - 12*g - 168. Give o(-8).
-8
Let x(l) = l**3 - 7*l**2 + 7*l - 5. Give x(4).
-25
Let l(s) = -s**3 - 8*s**2 - 6*s - 9. Give l(-7).
-16
Let t(x) = -3*x - 23. Determine t(-7).
-2
Let u(l) = l**3 + 24*l**2 + 23*l + 2. What is u(-23)?
2
Let b(q) = q**3 - 3*q**2 - 10*q - 9. What is b(-3)?
-33
Let s(w) = 15*w + 27. Determine s(-2).
-3
Let p(x) = x**3 + 11*x**2 - 3*x - 8. Calculate p(-11).
25
Let t(l) = 2*l**2 + 60*l + 448. Calculate t(-13).
6
Let i(x) = -x**3 + 2*x**2 - x - 3. Calculate i(-1).
1
Let o(j) = 33*j + 933. Calculate o(-28).
9
Let q(a) = a**3 + 13*a**2 - 50*a - 29. Give q(-16).
3
Let y(m) = m**2 + 11*m - 55. Give y(-13).
-29
Let t(z) = -5*z**2 + 27*z + 14. Give t(6).
-4
Let i(v) = -2*v**3 + 8*v**2 + 2*v - 6. Determine i(4).
2
Let s(k) = -2*k**2 + 2*k + 5. What is s(3)?
-7
Let h(i) = i**3 + 33*i**2 - 70*i + 20. What is h(-35)?
20
Let u(w) = -2*w**2 - 32*w - 24. Determine u(-15).
6
Let n(c) = 5*c**2 + 6*c - 17. What is n(3)?
46
Let b(i) = i**3 + 13*i**2 + 15*i + 9. What is b(-12)?
-27
Let y(t) = -t**2 - 9*t + 15. What is y(-10)?
5
Let n(u) = -u**3 + 12*u**2 - 2*u + 11. What is n(12)?
-13
Let q(s) = -17*s - 84. Give q(-5).
1
Let n(z) = 98*z**2 + 4*z + 3. Determine n(-1).
97
Let g(a) = 5*a - 1. Give g(4).
19
Let z(f) = f**3 + 4*f**2 - f + 6. What is z(-5)?
-14
Let k(n) = -n**3 + 29*n**2 - 92*n - 206. Determine k(25).
-6
Let p(i) = 2*i**2 - 18*i - 9. Calculate p(9).
-9
Let h(x) = -10*x + 83. Determine h(6).
23
Let w(c) = -c**3 + 20*c**2 + 48*c - 89. Give w(22).
-1
Let k(v) = v**3 - v**2 - 8*v - 8. Determine k(5).
52
Let c(a) = a**2 + 7. What is c(-4)?
23
Let u(t) = t**2 - 93*t - 388. Give u(-4).
0
Let i(q) = -q**3 - 31*q**2 + q + 25. Determine i(-31).
-6
Let m(w) = -10*w + 66. Determine m(5).
16
Let o(d) = d**2 - 23*d + 137. Give o(13).
7
Let g(s) = -6*s - 15. What is g(-5)?
15
Let g(b) = -b + 11. Calculate g(5).
6
Let x(a) = -4*a**2 - 2*a - 3. Determine x(-2).
-15
Let m(g) = g**3 - 5*g**2 + 5*g + 4. Calculate m(4).
8
Let o(l) = -l**2 - 7. Calculate o(-4).
-23
Let h(f) = f**3 + 14*f**2 + 15*f + 25. What is h(-13)?
-1
Let k(b) = 3*b**3 - 5*b**2 + 5*b. Determine k(1).
3
Let k(h) = -h**2 - 21*h - 55. Give k(-18).
-1
Let d(g) = -g**3 - 12*g**2 + 2*g + 7. Determine d(-12).
-17
Let i(m) = m**3 - 8*m**2 + 8*m + 8. What is i(7)?
15
Let t(y) = y**3 - 12*y**2 - 20*y + 237. What is t(12)?
-3
Let f(s) = -s**3 - 11*s**2 - 25*s + 12. What is f(-7)?
-9
Let m(w) = 2*w**2 + 5*w + 8. What is m(-4)?
20
Let f(h) = h**3 - 8*h**2 - 3*h + 18. What is f(8)?
-6
Let l(b) = -b**2 - b - 2. Calculate l(-8).
-58
Let l(j) = j**3 - 17*j**2 + 11*j + 17. What is l(16)?
-63
Let c(a) = -a**3 - 2*a**2 - a - 5. Calculate c(-3).
7
Let y(j) = j**2 + 6*j + 31. What is y(-6)?
31
Let q(h) = -h**2 + 1. Calculate q(-2).
-3
Let d(z) = -2*z**2 + 27*z - 11. Determine d(0).
-11
Let i(n) = 4*n - 6. What is i(5)?
14
Let a(y) = -2*y**2 - 26*y - 36. Calculate a(-11).
8
Let s(h) = 4*h**2 + 21*h - 53. Determine s(2).
5
Let d(o) = 2*o + 41. What is d(0)?
41
Let o(a) = -a**2 + 14*a - 24. Determine o(9).
21
Let v(i) = -i**2 - 25*i - 57. Calculate v(-22).
9
Let i(g) = -12*g**3 - g - 3. Calculate i(2).
-101
Let j(r) = 8*r + 88. Give j(-7).
32
Let b(j) = -j - 3. Give b(7).
-10
Let m(y) = 2*y**2 + 13*y + 54. Calculate m(-7).
61
Let b(z) = 15*z - 3. Calculate b(-3).
-48
Let r(u) = -6*u**2 - 25*u - 7. Calculate r(-4).
-3
Let g(z) = -6*z + 12. Calculate g(-6).
48
Let i(b) = b**2 + 8*b - 30. What is i(-9)?
-21
Let m(v) = -3*v**2 - 8*v + 12. Give m(4).
-68
Let q(y) = -45*y**2 + 1. What is q(1)?
-44
Let d(k) = -6*k - 5. What is d(-1)?
1
Let l(u) = u**2 + 14*u + 11. What is l(-13)?
-2
Let s(c) = c**2 - 7*c - 11. Calculate s(9).
7
Let m(s) = 8*s**2 - 5*s + 4. Determine m(3).
61
Let r(p) = -p**3 - p**2 + 52*p + 9. Calculate r(0).
9
Let q(c) = -2*c**3 + 17*c**2 - c + 3. What is q(8)?
59
Let j(a) = -a**2 - 18*a - 48. Calculate j(-12).
24
Let i(f) = 11*f - 4. Calculate i(-1).
-15
Let u(v) = v**2 - 5*v - 21. Give u(7).
-7
Let s(k) = k**3 + 2*k**2 + 4*k - 4. Give s(-4).
-52
Let y(m) = m**3 - 4*m**2 + 2*m + 4. Determine y(3).
1
Let c(x) = x**3 - 34*x**2 + 121*x - 38. What is c(30)?
-8
Let a(n) = 7*n**2 - 27*n - 5. Calculate a(4).
-1
Let x(q) = q**2 - 17*q + 36. Give x(13).
-16
Let b(x) = -5*x - 8. Determine b(0).
-8
Let z(l) = -5*l + 92. What is z(12)?
32
Let i(r) = 5*r + 66. What is i(-13)?
1
Let t(w) = -2*w**2 - 95*w - 190. Give t(-45).
35
Let y(d) = -d**3 - 21*d**2 - 22*d - 50. Calculate y(-20).
-10
Let i(j) = -j**2 + 24*j + 3. What is i(24)?
3
Let f(z) = z + 2. Calculate f(-3).
-1
Let c(d) = d**2 + 7*d + 10. Determine c(-5).
0
Let r(n) = -n + 48. Determine r(52).
-4
Let c(j) = 4*j**2 + 57*j + 6. Calculate c(-14).
-8
Let s(p) = 4*p - 29. Give s(9).
7
Let c(p) = 3*p**2 + 54*p - 55. Give c(-19).
2
Let n(z) = z - 59. Calculate n(-17).
-76
Let j(w) = w + 8. Calculate j(0).
8
Let x(o) = -2*o**3 + 4*o**2 + 3*o - 10. Calculate x(4).
-62
Let n(h) = 7*h**3 + 8*h**2 + h - 8. Determine n(0).
-8
Let n(q) = -q**3 - 9*q**2 + 11*q + 9. Determine n(-10).
-1
Let u(k) = k**3 + 7*k**2 - k + 3. Calculate u(-7).
10
Let n(d) = -2*d + 16. Calculate n(21).
-26
Let j(c) = -c**3 - 5*c**2 + 2*c + 8. Calculate j(-5).
-2
Let s(a) = 28*a - 3. Calculate s(-1).
-31
Let w(u) = 54*u + 1085. Calculate w(-20).
5
Let p(a) = -a - 9. Calculate p(-17).
8
Let c(a) = a**3 - 3*a + 2. What is c(2)?
4
Let m(w) = 50*w**3 - w + 1. What is m(-1)?
-48
Let b(z) = 3*z**2 + 32*z. Give b(-10).
-20
Let y(d) = -d**3 + 14*d**2 + 17*d - 2